of 448 and 119984.
16
What is the highest common factor of 87 and 5829?
87
Calculate the greatest common divisor of 711 and 41317.
79
Calculate the greatest common factor of 3230 and 40.
10
Calculate the highest common factor of 822556 and 2842.
406
What is the highest common divisor of 2 and 4902?
2
What is the highest common divisor of 1608 and 311416?
536
Calculate the greatest common factor of 236 and 455834.
118
What is the greatest common divisor of 612 and 11492?
68
Calculate the greatest common divisor of 152 and 3116.
76
What is the highest common factor of 222 and 9486?
6
What is the highest common factor of 634830 and 15?
15
Calculate the highest common factor of 903 and 187050.
129
What is the highest common factor of 650 and 6552?
26
Calculate the highest common divisor of 14241 and 4512.
141
What is the highest common divisor of 34821 and 2703?
159
What is the greatest common factor of 60 and 70245?
15
What is the greatest common factor of 8728 and 24?
8
Calculate the highest common factor of 87 and 8424.
3
Calculate the highest common factor of 423412 and 352.
44
Calculate the highest common factor of 3360 and 379344.
336
Calculate the greatest common factor of 67004 and 21.
7
What is the greatest common factor of 6622398 and 486?
162
What is the highest common factor of 11926 and 1608?
134
Calculate the greatest common factor of 15 and 152715.
15
What is the greatest common factor of 2243 and 12742483?
2243
What is the greatest common divisor of 1881 and 171?
171
Calculate the highest common divisor of 235 and 7526815.
235
Calculate the highest common factor of 16 and 74000.
16
What is the highest common factor of 11849 and 17629?
289
Calculate the greatest common factor of 10902 and 12650.
46
What is the highest common factor of 3472 and 17639?
31
Calculate the greatest common divisor of 667998 and 2596.
118
Calculate the greatest common divisor of 7320493 and 326.
163
What is the highest common factor of 9976 and 215?
43
What is the highest common factor of 1222352 and 1268?
1268
What is the greatest common divisor of 3024 and 10152?
216
What is the greatest common factor of 7808107 and 19?
19
Calculate the highest common divisor of 469 and 203.
7
What is the highest common divisor of 2275 and 82550?
325
What is the greatest common divisor of 10960 and 32?
16
Calculate the greatest common divisor of 37500 and 1000.
500
Calculate the highest common divisor of 411136 and 5621.
803
What is the greatest common factor of 100 and 31440?
20
What is the greatest common factor of 70085 and 214?
107
What is the highest common divisor of 19904 and 9641?
311
What is the highest common divisor of 9867 and 3575?
143
Calculate the highest common factor of 212 and 3180.
212
Calculate the greatest common divisor of 1203905 and 545.
545
Calculate the greatest common factor of 15842 and 7565.
89
Calculate the greatest common factor of 10492 and 172.
172
Calculate the greatest common divisor of 416 and 66196.
52
What is the highest common divisor of 21 and 70413?
21
Calculate the greatest common divisor of 24 and 156084.
12
Calculate the highest common divisor of 1200 and 5235.
15
What is the highest common factor of 3801 and 1512?
21
What is the greatest common divisor of 2116 and 48?
4
What is the highest common factor of 4000 and 4300?
100
What is the greatest common divisor of 69703 and 602?
43
What is the highest common factor of 439706 and 218?
218
What is the highest common divisor of 130 and 14456195?
65
Calculate the highest common factor of 12105 and 615.
15
Calculate the highest common factor of 409558 and 94.
94
Calculate the highest common divisor of 376397 and 119.
119
What is the greatest common divisor of 124871 and 7527?
193
Calculate the greatest common factor of 78 and 123513.
39
Calculate the highest common factor of 7988 and 692.
4
What is the highest common factor of 371542 and 246?
82
What is the greatest common divisor of 256 and 49696?
32
Calculate the highest common divisor of 150 and 43450.
50
Calculate the greatest common factor of 858310 and 20.
10
What is the greatest common divisor of 15778 and 1862?
98
Calculate the highest common factor of 188 and 71487.
47
What is the highest common factor of 9163 and 2176?
17
What is the greatest common divisor of 509356 and 116?
116
What is the highest common factor of 60119 and 79?
79
What is the greatest common factor of 204591 and 47?
47
What is the highest common divisor of 394792 and 122?
122
Calculate the greatest common factor of 2303 and 10199.
329
What is the highest common divisor of 18888 and 192?
24
Calculate the greatest common divisor of 247 and 291707.
247
What is the greatest common factor of 900182 and 38?
38
Calculate the highest common divisor of 1755 and 30.
15
Calculate the greatest common divisor of 298989 and 478.
239
Calculate the highest common divisor of 293699 and 7.
7
Calculate the greatest common divisor of 2021851 and 1131.
377
Calculate the greatest common divisor of 57 and 66177.
57
What is the greatest common divisor of 513 and 2907?
171
What is the greatest common factor of 10608 and 378624?
816
What is the highest common divisor of 195 and 39507?
39
What is the greatest common divisor of 702 and 68224?
26
Calculate the highest common divisor of 140 and 6748.
28
Calculate the highest common divisor of 200735 and 95.
95
Calculate the highest common factor of 262822 and 182.
14
Calculate the highest common divisor of 56430 and 770.
110
Calculate the highest common divisor of 6 and 176778.
6
Calculate the greatest common factor of 4958 and 518.
74
What is the highest common divisor of 188 and 26226?
94
Calculate the highest common factor of 24 and 222408.
24
Calculate the greatest common factor of 8414 and 2422.
14
What is the greatest common divisor of 255 and 22049?
17
What is the greatest common factor of 328092 and 95?
19
What is the highest common divisor of 9317 and 11011?
847
What is the greatest common factor of 136780 and 10?
10
What is the greatest common divisor of 886059 and 18?
9
What is the greatest common factor of 94 and 79759?
47
What is the highest common divisor of 4830 and 22862?
322
What is the greatest common divisor of 62 and 20263026?
62
What is the greatest common divisor of 976 and 354166?
122
Calculate the greatest common factor of 12 and 43716.
12
What is the greatest common divisor of 160 and 21820?
20
Calculate the greatest common factor of 104 and 1129999.
13
What is the greatest common factor of 41 and 1942047?
41
Calculate the highest common factor of 6169 and 27860.
199
Calculate the greatest common divisor of 299 and 2484.
23
What is the highest common divisor of 16 and 28732?
4
What is the highest common factor of 22008 and 20580?
84
What is the greatest common divisor of 39260 and 168365?
755
What is the highest common divisor of 63 and 87213?
21
Calculate the greatest common divisor of 81855 and 85707.
963
Calculate the highest common divisor of 1368 and 25335.
9
What is the greatest common divisor of 5587 and 255945?
151
Calculate the greatest common factor of 3796 and 199144.
292
Calculate the highest common factor of 143 and 31863.
13
What is the greatest common divisor of 11 and 36498?
11
Calculate the highest common factor of 94332 and 189.
21
What is the highest common factor of 134 and 213931?
67
Calculate the highest common divisor of 20559 and 99.
33
Calculate the highest common factor of 39 and 215436.
39
What is the highest common factor of 178171 and 49?
7
Calculate the greatest common divisor of 34 and 684777.
17
Calculate the highest common divisor of 669 and 1305.
3
Calculate the highest common factor of 173 and 463121.
173
What is the highest common divisor of 57879 and 9?
9
Calculate the greatest common divisor of 20300 and 4438.
14
Calculate the highest common divisor of 2210 and 17170.
170
Calculate the greatest common divisor of 663822 and 342.
342
What is the greatest common factor of 35507 and 1?
1
Calculate the greatest common divisor of 99 and 459.
9
What is the greatest common divisor of 8624 and 420728?
616
Calculate the highest common factor of 4212 and 1854.
18
Calculate the greatest common divisor of 21367 and 179297.
929
Calculate the highest common divisor of 684 and 2448.
